545166
14237 (base 14) to base 7
265200
220211010122 (base 3) to base 7
4103165
Convert 362334 (base 8) to base 2.
11110010011011100
Convert -5380116 (base 10) to base 14.
-a00980
What is 23410012 (base 5) in base 11?
138528
What is 276711 (base 16) in base 6?
131203013
-7416772 (base 9) to base 6
-221013402
What is -105136 (base 15) in base 11?
-490463
Convert -337567 (base 11) to base 3.
-1000021201112
What is -601720 (base 9) in base 3?
-200001210200
70691 (base 13) to base 15
3e88e
Convert -2318572 (base 9) to base 7.
-13435514
-2c2cc (base 16) to base 6
-3513404
700190 (base 15) to base 4
110101312101
Convert -21120415 (base 6) to base 5.
-124221201
What is -23235120 (base 9) in base 10?
-11301786
Convert 204450 (base 8) to base 16.
10928
Convert 2137432 (base 9) to base 3.
2011021111002
86214 (base 13) to base 5
30221100
1877d (base 14) to base 12
2b963
What is -2251552 (base 6) in base 13?
-40907
be2637 (base 15) to base 8
42462713
What is 32219 (base 10) in base 16?
7ddb
Convert -520323315 (base 6) to base 4.
-202101200333
What is 90002 (base 10) in base 12?
44102
Convert -3432234001 (base 5) to base 2.
-11101010110111011111110
What is -173448 (base 10) in base 9?
-283830
Convert -120122322231 (base 4) to base 3.
-110001020111100
Convert -1734151 (base 11) to base 16.
-2cfcf6
Convert 561432 (base 7) to base 11.
68423
Convert -a7678 (base 11) to base 9.
-257651
464377 (base 12) to base 10
1127179
Convert -647804 (base 11) to base 6.
-34104223
-4104042224 (base 5) to base 6
-453115451
Convert -80516 (base 10) to base 7.
-453512
-433241 (base 8) to base 3
-21100222111
Convert -21102021020222 (base 3) to base 8.
-17023003
Convert -32433320 (base 5) to base 8.
-1043614
What is 110201040 (base 5) in base 7?
4016156
What is -223756 (base 8) in base 14?
-1d874
-6330301 (base 7) to base 8
-2723422
What is -287912 (base 13) in base 10?
-987989
What is 10011110111100010100101 (base 2) in base 5?
2313130404
1021100 (base 7) to base 6
2344415
What is 1c41a (base 14) in base 15?
165a2
Convert -50293 (base 14) to base 10.
-192601
Convert 1240540550 (base 6) to base 12.
4a81756
-14040431 (base 5) to base 3
-21021111020
41951 (base 11) to base 16
ee70
What is -256c39 (base 14) in base 8?
-4720703
Convert -55625524 (base 8) to base 7.
-204014416
Convert -355645 (base 7) to base 3.
-10021102201
-4831843 (base 9) to base 15
-36b120
320221 (base 4) to base 11
27a6
What is -1011001101111011010 (base 2) in base 12?
-158876
Convert 402431244 (base 5) to base 2.
110001000101010000100
What is -1530534 (base 10) in base 6?
-52445450
What is b7a12 (base 15) in base 11?
368929
1515330 (base 6) to base 16
157e6
39604b (base 12) to base 14
1a7c03
What is -621a07 (base 11) in base 12?
-401760
-14425135 (base 6) to base 11
-312784
Convert 1011011011001110111 (base 2) to base 11.
236316
What is -16a642 (base 13) in base 10?
-565697
-11210212002 (base 3) to base 16
-171c8
189393 (base 14) to base 5
210324230
What is 21260112 (base 7) in base 5?
431002223
What is -1020020202122 (base 3) in base 5?
-131420340
Convert -2121504 (base 7) to base 16.
-3eddb
What is 1d413 (base 15) in base 5?
11023133
Convert 1432330 (base 5) to base 2.
111011010000100
1167212 (base 10) to base 2
100011100111101101100
Convert 5524460 (base 8) to base 3.
2210110011212
What is 175c959 (base 13) in base 6?
430453320
11111111100110111001 (base 2) to base 5
232000334
What is -104820 (base 15) in base 4?
-2331020301
88ad (base 14) to base 6
301333
What is 1011101101101001010 (base 2) in base 7?
3156001
-456904 (base 13) to base 11
-a2219a
Convert -3003411041 (base 5) to base 7.
-101213036
-acc3 (base 15) to base 4
-20330121
What is -101413012 (base 5) in base 12?
-182ab9
Convert 77462346 (base 8) to base 7.
261465224
What is 1000111110101101 (base 2) in base 13?
13984
What is 3312230013 (base 4) in base 3?
1220100001200
516163 (base 8) to base 5
20433443
Convert 10255032 (base 6) to base 16.
49fdc
What is -240343030 (base 5) in base 16?
-10e05f
Convert -9431723 (base 10) to base 13.
-1c53002
Convert 245034445 (base 6) to base 10.
4717181
Convert 328738 (base 11) to base 9.
877670
What is -13241033 (base 5) in base 3?
-20210200000
19878 (base 12) to base 6
445432
Convert -824060 (base 11) to base 5.
-314314310
What is 1909a1 (base 12) in base 14?
b52d3
10101100001011001 (base 2) to base 13
31180
Convert -1fd36 (base 16) to base 6.
-2443302
737236 (base 8) to base 9
413563
Convert 114076 (base 10) to base 15.
23c01
-10111011110010101100 (base 2) to base 7
-6352361
111012110100 (base 3) to base 12
106469
What is 7fa65 (base 16) in base 2?
1111111101001100101
Convert -4122142042 (base 5) to base 4.
-200001323222
106612 (base 10) to base 13
396ac
-2c65a (base 16) to base 7
-1355114
-10110000111011100110 (base 2) to base 12
-2ab486
Convert a556e (base 16) to base 3.
1021101222121
Convert -40cfe8 (base 16) to base 4.
-100030333220
What is -1486872 (base 11) in base 5?
-1122320201
Convert -11222100010 (base 3) to base 10.
-97932
Convert -7011073 (base 8) to base 6.
-103233003
Convert 19155a3 (base 11) to base 9.
6082541
Convert -384551 (base 13) to base 4.
-11022012002
What is 5197749 (base 10) in base 6?
303223353
Convert -1235115505 (base 6) to base 10.
-14520353
Convert 102032011 (base 5) to base 13.
11acbb
Convert 20201102221 (base 3) to base 6.
2500211
Convert -11a349 (base 13) to base 10.
-422392
Convert -314122 (base 8) to base 15.
-20e8a
Convert -4116410 (base 8) to base 12.
-4460b4
Convert -10110001001011111 (base 2) to base 5.
-10400334
Convert 3234410 (base 6) to base 10.
160422
Convert -10002212101 (base 3) to base 4.
-32323102
What is -2330443 (base 5) in base 16?
-a67f
Convert -101100011000111001 (base 2) to base 16.
-2c639
What is -a64e1 (base 15) in base 5?
-113340421
-15466 (base 9) to base 12
-6166
What is 28030 (base 10) in base 12?
1427a
6134 (base 10) to base 6
44222
-3a2539 (base 12) to base 2
-11101001111001111101
What is -100001001110110001100 (base 2) in base 12?
-4461a4
7011650 (base 9) to base 15
4d9873
Convert -31ba89 (base 13) to base 16.
-11d41a
Convert -409520 (base 10) to base 14.
-a9356
11888020 (base 10) to base 3
211100222022001
1301220 (base 7) to base 9
276150
What is -b0abb (base 12) in base 16?
-3812f
350204001 (base 6) to base 4
120213322201
Convert 2002223200 (base 4) to base 15.
a88e4
What is -1036241 (base 7) in base 2?
-11111000000111101
Convert -1980805 (base 10) to base 9.
-3648134
Convert 201112101022 (base 3) to base 6.
12123525
What is 320402401 (base 5) in base 7?
14253360
Convert 12431103 (base 5) to base 9.
207860
What is -101010100010110100 (base 2) in base 5?
-21034020
What is 23233332 (base 4) in base 12?
23a26
What is 1217503 (base 8) in base 16?
51f43
Convert -101012010101 (base 3) to base 11.
-127763
Convert 8023b (base 12) to base 5.
20304343
-16740707 (base 9) to base 4
-200011222000
What is 15e07a (base 16) in base 9?
2624624
250034 (base 7) to base 5
2430034
What is -2013444200 (base 5) in base 14?
-774ad2
4211212401 (base 5) to base 10
8694726
Convert 1010111222122010 (base 3) to base 9.
33458563
Convert -121001121012202 (base 3) to base 7.
-132354044
25054142 (base 6) to base 13
220505
2b6728 (base 13) to base 8
4054064
Convert -57d1 (base 14) to base 5.
-442100
What is 3f1d2 (base 16) in base 8?
770722
What is 2a7eb (base 15) in base 9?
227575
Convert -725252 (base 9) to base 3.
-210212021202
11011101010000000011010 (base 2) to base 14
d6a174
5e365d (base 15) to base 4
101032311010
-70285 (base 9) to base 11
-3175a
-29c900 (base 14) to base 10
-1456084
What is 1002310012020 (base 4) in base 5?
13440434023
-1cb681 (base 14) to base 15
-15540e
-6490932 (base 11) to base 3
-210110111201121
-3dc701 (base 14) to base 12
-8766b9
What is 13380444 (base 10) in base 6?
1154442300
Convert 261613 (base 9) to base 13.
57300
Convert -3807613 (base 9) to base 7.
-23420511
Convert -1612a03 (base 12) to base 8.
-21136043
Convert -6081428 (base 9) to base 5.
-1312222323
Convert -455064 (base 8) to base 12.
-75270
Convert 2558 (base 11) to base 15.
ec0
Convert -102320221011 (base 4) to base 13.
-1044462
100011100000000011 (base 2) to base 8
434003
Convert -125350220 (base 6) to base 11.
-145a316
Convert -1e748 (base 16) to base 6.
-2401304
What is 382698 (